e the second derivative of w(n). Give u(f).
-7
Let v(h) = 1 + 6*h**2 - 2*h - 4*h**2 - 2*h**2 - 7*h**3 + h**2. Suppose -13*m = -12*m + j - 5, -5*m + 17 = 3*j. Calculate v(m).
-7
Let s = -2 - -4. Let a(j) = j**3 - s + 3*j - 3*j + j**2 + 1 + j. Let o(i) = -7*i**3 - 12*i**2 - 12*i + 1. Let u(t) = 6*a(t) + o(t). Determine u(-5).
0
Let x(l) = 4*l**2 - 2*l. Let s = 15 + -9. Suppose -24 = 4*v + 2*b, -v + s = 4*b - 2. Let z = -6 - v. What is x(z)?
12
Let q(y) = -y**3 - 4*y**2 + 5*y - 11. Let v be q(-5). Let k be v/(3 + 6*2/(-3)). Let s(z) = -z + 3. Determine s(k).
-8
Let r(t) be the second derivative of t**5/120 + t**3/3 - t. Let l(n) be the second derivative of r(n). Suppose -42 + 11 = 3*g - 5*f, -1 = -2*g - f. Give l(g).
-2
Let x(y) be the first derivative of 9*y**4/4 - y**2/2 + y + 264. Give x(1).
9
Let s(u) = -34*u - 23*u - 1 + 66*u. Determine s(1).
8
Let i(n) = 2*n + 3. Let w(v) = v**3 - 5*v**2 - 13*v + 11. Let r be w(5). Let g = 48 + r. Determine i(g).
-9
Let w be (3/9)/(4/24). Let j(g) = -2*g**2 - 3*g + 4 + 0*g**w + 0*g. Determine j(-3).
-5
Let m(o) be the third derivative of -o**5/60 - o**4/6 - o**3/2 - 31*o**2. Let r = -162 + 158. Determine m(r).
-3
Suppose h + 15 = 4*w + 9, w - 3 = 0. Let c(u) = -u**3 + 7*u**2 - 3*u - 1. Determine c(h).
17
Let o(h) be the second derivative of h**6/20 + h**3/6 - h**2 - 20*h. Let y(b) be the first derivative of o(b). Give y(1).
7
Let m(z) = -z**3 - 4*z**2 - z - 7. Let v be m(-4). Let o(w) = -7*w - 9. Let g(f) = -6*f - 8. Let c(i) = 5*g(i) - 4*o(i). Calculate c(v).
2
Let v(q) = 6*q**2 - 14*q + 7. Let i(t) = 7*t**2 - 14*t + 7. Let w(c) = -5*i(c) + 6*v(c). Let y be w(13). Let j(r) = -r**3 - 5*r**2 + 8*r + 6. Give j(y).
-6
Let g(x) = 9 + 101*x - 45*x - 48*x + 5*x**2 - 4*x**2. Determine g(-7).
2
Let c(o) = 15*o**2 + 5*o + 7. Let n(x) = 8*x**2 + 3*x + 4. Let v(u) = 3*c(u) - 5*n(u). Let g(r) = r - 5. Let b be g(7). Let z be 2/2 + b*-1. What is v(z)?
6
Suppose 29 = 4*d + 21. Let j be -2 + (3 - 1)/d. Let k(t) = -11*t**2 + 11*t + 9. Let m(z) = -6*z**2 + 6*z + 5. Let a(v) = 4*k(v) - 7*m(v). Give a(j).
-3
Suppose 4*r = 23 - 7. Suppose r = p + c, -p + 3*c = -0 - 4. Let k(l) = -l - p*l**3 + 1 + 2*l**2 + 6*l**3 - 4*l**3. Calculate k(2).
-9
Let q(v) be the second derivative of -v**6/720 + v**5/120 - 17*v**4/6 + 21*v. Let m(i) be the third derivative of q(i). Determine m(6).
-5
Suppose 0 = 9*f - 2*f - 91. Let y(z) = -z**3 + 12*z**2 + 16*z + 7. Give y(f).
46
Let p(i) be the first derivative of 3*i**2/2 - 19*i + 903. Calculate p(6).
-1
Suppose 3*w + 15 = 2*n, -w + 3*w = n - 9. Let h be (-1)/3*w*83. Let x(z) = 2*z**3 + z + z + 87*z**2 - h*z**2. What is x(-2)?
-4
Let r = -8 + 6. Let v be (2*(-2)/r)/(-1). Let f be -2 + (v - (-1)/1). Let a(q) = q**2 + 3*q + 2. Give a(f).
2
Let z(a) = 21*a**3 + a. Let l(q) = 50*q + 301. Let w be l(-6). Determine z(w).
22
Suppose 3*t - 11 = -5*k, 2*t + 2*k = k + 5. Suppose t*h - 9 = -h. Let y(d) be the second derivative of -d**3/3 + 3*d**2/2 + 3*d. Give y(h).
-3
Let r(b) be the first derivative of -3*b**2/2 + 2*b + 127. Give r(-4).
14
Let r(g) = g - 8. Suppose -3*b + 81 - 75 = 0. Suppose -2*q + 8 + b = l, 4*l = -5*q + 22. Give r(q).
-2
Let q be -16 - -6 - -5 - (-3 - -3). Let p(s) = s + 12. What is p(q)?
7
Let i(h) = h**3 - 7*h**2 - 2. Let z be (5 - 1)*(-27)/(-36). Suppose z*l - 6 = -27. Let j = l + 14. Determine i(j).
-2
Let f(n) = -7*n**2 - 10*n - 12. Let w(d) = -8*d**2 - 11*d - 13. Let r(y) = -7*f(y) + 6*w(y). Determine r(-4).
6
Suppose -43 = -5*w - 2*b, 0 = 2*b - 4 - 4. Let j(f) = 2*f - 5. What is j(w)?
9
Let x be (2 - -4) + (-2)/1. Let i be x/2 + -9 + 2. Let n(d) = -d - 6. What is n(i)?
-1
Let m be (50/(-15))/((-56)/18 + 3). Let p = m - 30. Let g(u) = u**3 - 2. Determine g(p).
-2
Suppose -45 = 27*s - 32*s. Suppose v - 2*k = -s - 0, v = 3*k - 14. Let y(o) be the third derivative of o**5/15 - o**4/24 + o**3/6 + o**2. Calculate y(v).
4
Let w(p) = p - 16. Let j be w(11). Suppose 2*q = 2*n - 28, 5*q = -4*n - 0*n + 74. Let i(b) = -b + 11 - n + 7. Determine i(j).
7
Let l(z) be the first derivative of -5*z**3 - z**2 - 2*z - 4. Let n(m) = 7*m**2 + m + 1. Suppose -9 = -3*w - 3. Let j(g) = w*l(g) + 5*n(g). What is j(-1)?
5
Let y = -1057 + 1051. Let s(u) = 4*u + 3. Let d(h) = -2*h - 1. Let c(v) = -7*d(v) - 3*s(v). Give c(y).
-14
Let y(r) = -r - 1. Let i be 2430/180*((-10)/(-6) + -1). Determine y(i).
-10
Let k(u) = u - 1. Let z = -1095 - -1095. Calculate k(z).
-1
Let d(l) = -4*l**3 + 2*l**2 - l - 1. Let v(c) = -2*c**2 - 25*c - 8. Let b be v(-12). Let h(a) = 5*a**3 - a**2 + a. Let n(s) = b*d(s) + 3*h(s). Determine n(3).
11
Let s(d) = 3*d**3 - 7*d**2 - 10*d - 4. Let m(i) = -i**3 + i - 1. Let v(p) = -4*m(p) - s(p). Let h = -158 - -152. Calculate v(h).
8
Let n(k) = -4*k - 5. Let g(u) = 13*u + 15. Let f(o) = -o**3 - 13*o**2 - 22*o + 7. Let l be f(-11). Let y(i) = l*n(i) + 2*g(i). Calculate y(5).
-15
Let x(j) = j**3 + 2*j**2 + 6*j + 25. Let p be x(-3). Let w(d) = 9*d - 1. Let f(c) = 3*c. Let r(y) = 7*f(y) - 2*w(y). Determine r(p).
-4
Let w(q) = -q**3 + 7*q**2 - 5*q - 3. Let r be w(6). Let u(g) be the first derivative of -2*g**3/3 + 3*g**2/2 + 2*g + 355. Calculate u(r).
-7
Suppose 2*j + 12 = 2*d, -d - 3*j - 2*j - 18 = 0. Let s(i) = -7*i**d - 541 + i + 542 - 7*i - i**3. Give s(-6).
1
Let p(u) = -u**3 + 2*u**2 + u + 1. Let s = 3 + 14. Suppose -3*q + 5 = 2*b, 2*b = 2*q - s + 7. What is p(q)?
-5
Let h be -8*2/((-96)/(6/(-1))). Let r(a) = -5*a**2 - 3. Let j(v) = 9*v**2 + 7. Let x(g) = 4*j(g) + 9*r(g). Give x(h).
-8
Suppose 6*a - 3 = 7*a. Let f(o) = -o - 7. Let k(h) = h + 4. Let w(n) = -6*f(n) - 11*k(n). Calculate w(a).
13
Let b(u) be the third derivative of u**6/120 - 2*u**5/15 + u**4/6 + 3*u**3/2 + 19*u**2 + 2. Give b(8).
41
Let u(z) = -17*z + 1. Let g = -1298 - -1297. Determine u(g).
18
Let q(a) = -a**2 + a + 1. Let w(x) = 7*x**2 - 6. Let o(r) = -6*q(r) - w(r). Let y be 0 + 3 + -4 - -2. Let f be (-6 + 1)/(y + 0). Give o(f).
5
Suppose -4*t + 3*q = -q - 52, t = -q + 7. Let j be (-2 + 4)*t/(-5). Let y(u) = -3*u - 2. Determine y(j).
10
Let c(m) = 3 - 3 - m + 3. Suppose 407*v - 408*v + 14 = -4*r, 5*r + 4 = -v. Determine c(v).
-3
Let p(x) = x**2 - 2*x - 1. Let s(c) be the first derivative of -c**4/4 - 8*c**3/3 + 4*c - 7. Let v be s(-8). Suppose 3*g - v = 5. Give p(g).
2
Let a(h) be the first derivative of -h**4/4 - h**3 + h + 1. Suppose 8 = 5*o + 2*g, 0 = -5*o - 223*g + 219*g + 6. Determine a(o).
-19
Let l(b) = 13*b**2 + 62*b + 22. Let w(x) = -21*x**2 - 94*x - 33. Let g(i) = -8*l(i) - 5*w(i). Calculate g(26).
-11
Let h(r) = -r + 1. Let y(w) = -w**3 - w + 2. Suppose 0*m - 35 = -2*m + 5*f, 3*m + 4*f = -5. Suppose 0 = -2*o + m*o. Let q be y(o). Determine h(q).
-1
Let p(r) = -r**3 + 6*r**2 - 5*r + 5. Let h(q) = 36*q + 19*q**2 - 14 + q**3 - 37*q - 3*q**3 + 3*q**3. Let t be h(-19). Determine p(t).
5
Let z be (-72)/126*7/(-2). Let p(a) = -4*a + a**3 + 250*a**z + 0 - 9 - 243*a**2. What is p(-7)?
19
Let j = 12 + -11. Let g be 8 + -3 + 3/j. Let d(l) = 2 + g + 2*l**3 + 8*l**2 + 5*l - l**3 + 2*l. Give d(-7).
10
Let h(u) = u**3 + 14*u**2 - 2*u - 29. Let j be h(-14). Let l(r) = 9*r. Calculate l(j).
-9
Let z be (3 - (-7)/(-2))*-2. Let q(r) = 1. Let i(w) = w**2 + 13. Let t(n) = z*i(n) - 4*q(n). Determine t(0).
9
Let r(o) = -4*o**2 + 2*o - 1. Let p(h) = 11*h**2 - 5*h - 13. Let a(n) = -p(n) - 3*r(n). Suppose 24 = -4*u + 5*c + 4, -4*u = -4*c + 16. Calculate a(u).
16
Let h(m) = 20 + 25 - 17*m + 0 - m**2. Calculate h(-19).
7
Let i be 4 + 2/4*-2. Let a = -1 - i. Let b(n) = 4 + 16*n - 6*n - 7*n. Calculate b(a).
-8
Let d(q) = q**3 - 3*q**2 - 4*q + 6. Suppose -5*s + 38 = -3*w, w + 15 = -0*s + 2*s. Let p = -4 + s. Suppose 4*r - p = 13. Determine d(r).
6
Let c(f) = -2*f - 5*f - 15 + 12*f - 2. Determine c(7).
18
Let m be ((-1)/2)/(2/(-36)). Let u = m - 15. Let q(i) = i**2 + i - 1. Let j(s) = -2*s**2 + 3*s + 11. Let h(t) = j(t) + 3*q(t). Calculate h(u).
8
Let s = -24 + 30. Let l(k) = -4*k + 5. Let x(q) = -9*q + 9. Let j(a) = -7*l(a) + 3*x(a). What is j(s)?
-2
Suppose -a - 5*m + 25 = -3, 2*a - 48 = -2*m. Suppose 22*x - a*x = 3. Let s(w) = -w**2 - 2*w + 3. What is s(x)?
0
Suppose -4*h + 100 = -4*f, 4*f - 5*h - 28 = -125. Let v = f + 19. Let u(t) = t**3 + 10*t**2 + 10*t - 10. What is u(v)?
-19
Let a(z) = -z + 11. Let q be a(8). Let u(o) = 2*o**2 - o + 2